173410?
2, 5, 17341
List the prime factors of 1053299.
13, 81023
List the prime factors of 105339.
3, 13, 37, 73
What are the prime factors of 7527807?
3, 7, 119489
List the prime factors of 8528683.
8528683
What are the prime factors of 6898637?
6898637
List the prime factors of 2038227.
3, 679409
List the prime factors of 4854.
2, 3, 809
List the prime factors of 12105460.
2, 5, 577, 1049
List the prime factors of 88924.
2, 11, 43, 47
What are the prime factors of 29376838?
2, 97, 163, 929
What are the prime factors of 923029?
923029
List the prime factors of 554463.
3, 7, 13, 677
List the prime factors of 760271.
677, 1123
What are the prime factors of 692902?
2, 7, 43, 1151
List the prime factors of 7616109.
3, 2538703
List the prime factors of 3537628.
2, 151, 5857
What are the prime factors of 430081?
430081
List the prime factors of 338980.
2, 5, 17, 997
What are the prime factors of 3277295?
5, 7, 93637
What are the prime factors of 1650437?
1650437
List the prime factors of 5777281.
487, 11863
What are the prime factors of 13614508?
2, 89, 167, 229
What are the prime factors of 875551?
17, 51503
List the prime factors of 772764.
2, 3, 71, 907
What are the prime factors of 1629895?
5, 23, 14173
List the prime factors of 1427326.
2, 713663
List the prime factors of 1016354.
2, 613, 829
What are the prime factors of 358489?
211, 1699
List the prime factors of 448901.
593, 757
What are the prime factors of 312323?
11, 28393
What are the prime factors of 891022?
2, 11, 101, 401
What are the prime factors of 31798096?
2, 11, 19, 37, 257
List the prime factors of 483778.
2, 19, 29, 439
What are the prime factors of 311937?
3, 103979
What are the prime factors of 1174245?
3, 5, 78283
What are the prime factors of 5226?
2, 3, 13, 67
List the prime factors of 547132.
2, 43, 3181
List the prime factors of 1235884.
2, 13, 23767
What are the prime factors of 152053?
11, 23, 601
What are the prime factors of 593693?
19, 31247
List the prime factors of 1180160.
2, 5, 461
List the prime factors of 3374889.
3, 7, 160709
What are the prime factors of 662791?
23, 28817
List the prime factors of 309608.
2, 13, 229
List the prime factors of 225033.
3, 75011
List the prime factors of 340506.
2, 3, 18917
List the prime factors of 165202.
2, 82601
List the prime factors of 854314.
2, 347, 1231
List the prime factors of 202561.
23, 8807
What are the prime factors of 90847?
90847
What are the prime factors of 7975533?
3, 17, 9199
List the prime factors of 2945034.
2, 3, 163613
What are the prime factors of 6605703?
3, 13, 43, 101
List the prime factors of 1594670.
2, 5, 7, 11, 19, 109
List the prime factors of 152764.
2, 181, 211
List the prime factors of 290666.
2, 17, 83, 103
List the prime factors of 256362.
2, 3, 42727
What are the prime factors of 158677?
23, 6899
What are the prime factors of 183115?
5, 53, 691
What are the prime factors of 22071555?
3, 5, 11, 89, 167
What are the prime factors of 964728?
2, 3, 13399
List the prime factors of 5120988.
2, 3, 587, 727
List the prime factors of 20367048.
2, 3, 13, 29, 2251
List the prime factors of 1089891.
3, 11, 101, 109
List the prime factors of 607286.
2, 303643
List the prime factors of 802634.
2, 7, 57331
What are the prime factors of 752080?
2, 5, 7, 17, 79
What are the prime factors of 7990407?
3, 23, 4289
What are the prime factors of 1945153?
7, 53, 107
What are the prime factors of 1422129?
3, 474043
List the prime factors of 11314252.
2, 23, 5347
List the prime factors of 22336120.
2, 5, 31, 18013
List the prime factors of 13974026.
2, 11, 307, 2069
What are the prime factors of 17383503?
3, 17, 281, 1213
List the prime factors of 32009.
32009
List the prime factors of 94326.
2, 3, 79, 199
What are the prime factors of 415537?
59, 7043
What are the prime factors of 3905257?
17, 13513
What are the prime factors of 60742?
2, 11, 251
List the prime factors of 13310982.
2, 3, 19, 38921
What are the prime factors of 611042?
2, 305521
List the prime factors of 22820249.
127, 179687
What are the prime factors of 77156?
2, 19289
List the prime factors of 4315225.
5, 101, 1709
What are the prime factors of 670886?
2, 29, 43, 269
List the prime factors of 760780.
2, 5, 38039
List the prime factors of 1999857.
3, 41, 71, 229
List the prime factors of 5489609.
89, 61681
What are the prime factors of 165797?
37, 4481
List the prime factors of 5518266.
2, 3, 13, 263, 269
What are the prime factors of 975820?
2, 5, 97, 503
List the prime factors of 2657382.
2, 3, 7, 13, 31, 157
List the prime factors of 82755.
3, 5, 613
List the prime factors of 4803569.
4803569
What are the prime factors of 4665478?
2, 37, 67, 941
What are the prime factors of 268141?
17, 15773
What are the prime factors of 1344197?
59, 22783
List the prime factors of 15158767.
13, 409, 2851
What are the prime factors of 4565597?
59, 77383
List the prime factors of 499313.
53, 9421
What are the prime factors of 7642347?
3, 43, 59243
List the prime factors of 1504964.
2, 376241
List the prime factors of 30803.
30803
What are the prime factors of 2693229?
3, 7, 11, 89, 131
What are the prime factors of 361226?
2, 109, 1657
What are the prime factors of 634909?
11, 57719
List the prime factors of 2993004.
2, 3, 7, 37, 107
What are the prime factors of 4553610?
2, 3, 5, 151787
List the prime factors of 796766.
2, 23, 17321
What are the prime factors of 1734471?
3, 191, 1009
List the prime factors of 3777761.
13, 290597
List the prime factors of 692754.
2, 3, 115459
List the prime factors of 20290101.
3, 13, 223, 2333
List the prime factors of 8257811.
31, 266381
What are the prime factors of 241578?
2, 3, 13421
What are the prime factors of 1781887?
71, 25097
List the prime factors of 12449121.
3, 4149707
List the prime factors of 10109834.
2, 7, 23, 31397
What are the prime factors of 375273?
3, 41, 113
List the prime factors of 409041.
3, 47, 967
List the prime factors of 454117.
233, 1949
List the prime factors of 583488.
2, 3, 1013
What are the prime factors of 238126?
2, 7, 73, 233
What are the prime factors of 165537?
3, 6131
List the prime factors of 7367104.
2, 43, 2677
What are the prime factors of 20377?
7, 41, 71
What are the prime factors of 38147411?
38147411
List the prime factors of 1215925.
5, 17, 2861
List the prime factors of 3117741.
3, 11, 94477
What are the prime factors of 312025?
5, 7, 1783
List the prime factors of 1291610.
2, 5, 53, 2437
List the prime factors of 8054035.
5, 11, 146437
What are the prime factors of 4579001?
7, 17, 23, 239
List the prime factors of 2474488.
2, 309311
What are the prime factors of 2716234?
2, 283, 4799
List the prime factors of 1656744.
2, 3, 69031
What are the prime factors of 19485535?
5, 29, 61, 2203
What are the prime factors of 816174?
2, 3, 45343
List the prime factors of 135379.
331, 409
What are the prime factors of 365401?
23, 15887
What are the prime factors of 1360202?
2, 641, 1061
List the prime factors of 310496.
2, 31, 313
List the prime factors of 1131891.
3, 377297
List the prime factors of 16557563.
11, 41, 36713
What are the prime factors of 6704223?
3, 2234741
List the prime factors of 311186.
2, 155593
List the prime factors of 1897290.
2, 3, 5, 7027
What are the prime factors of 696449?
13, 317
List the prime factors of 3458279.
11, 29, 37, 293
List the prime factors of 16312864.
2, 61, 137
What are the prime factors of 100336?
2, 6271
List the prime factors of 2920466.
2, 1460233
What are the prime factors of 257127?
3, 13, 19, 347
What are the prime factors of 4291583?
4291583
List the prime factors of 10780.
2, 5, 7, 11
What are the prime factors of 327277?
327277
What are the prime factors of 65739?
3, 17, 1289
What are the prime factors of 4406927?
7, 17, 29, 1277
List the prime factors of 105759.
3, 3917
What are the prime factors of 515967?
3, 17, 67, 151
List the prime factors of 233085.
3, 5, 41, 379
What are the prime factors of 19075735?
5, 7, 79, 6899
What are the prime factors of 19146055?
5, 307, 12473
List the prime factors of 14192911.
14192911
List the prime factors of 8573978.
2, 7, 19, 32233
List the prime factors of 4435366.
2, 13, 23, 7417
What are the prime factors of 490536?
2, 3, 757
List the prime factors of 212123.
212123
List the prime fa